8)/(-5). Let f = 15 - 7. Calculate the remainder when 2/k + 1 - -15 is divided by f.
7
Suppose 0*v = v - 6. Let h = 21 + -3. What is the remainder when v/24 + (-211)/(-4) is divided by h?
17
Let a(s) = s**3 - 5*s**2 - 4*s + 7. Suppose 3 = 2*p + 2*l - 17, 4*l = -2*p + 20. What is the remainder when a(6) is divided by p?
9
Let n(l) = -l**3 + 7*l**2 - 5*l. Let p be n(6). Let y(q) = q**3 - 7*q**2 + 7*q. Calculate the remainder when 16 is divided by y(p).
4
What is the remainder when 13 is divided by (1/(-2))/((-2)/20)?
3
Suppose -3*h - 85 = -2*p - 0*h, -h - 5 = 0. Calculate the remainder when 33 is divided by (27/(-15))/((-7)/p).
6
What is the remainder when 110 is divided by -10 + 8 - 30/(-1)?
26
Let r(b) = 2 - 3 + b + 2. What is the remainder when 9 is divided by r(4)?
4
Suppose 40 - 478 = -2*j + 2*c, 5*j - c - 1075 = 0. What is the remainder when j is divided by 36?
34
Suppose 3*u + 3*o - 59 = -u, -66 = -5*u + 4*o. Calculate the remainder when u is divided by 4.
2
Suppose -4*i - 5*v + 22 = 0, -16 = -i - 3*i - 2*v. Suppose 2*p - 50 = 2*t, -4*p - i*t = -98 + 26. What is the remainder when 150/14 + 6/p is divided by 3?
2
Suppose 0*g = g - 3*d - 19, 2*d = 4*g - 56. Let u = -8 - -44. What is the remainder when u is divided by g?
10
Let o = -56 - -78. Calculate the remainder when o is divided by 12.
10
Let n(u) = -1. Let i(l) = 10*l + 14. Let x(f) = i(f) + 10*n(f). What is the remainder when x(4) is divided by 15?
14
Let t(f) = 16*f + 1. Calculate the remainder when 97 is divided by t(2).
31
Suppose 18 = -3*q + 54. Calculate the remainder when 59 is divided by q.
11
Suppose 3*f - 3 = 5*i - 16, -4*i + 12 = -2*f. What is the remainder when (-57)/9*(1 - f) is divided by 7?
5
Suppose -y = -2*y. Let u(b) = b**2 + b + 4. Calculate the remainder when u(y) is divided by (1 - 9/3)/1 - -5.
1
Suppose 13*l = 11*l + 82. Calculate the remainder when l is divided by 22.
19
Suppose -12*i + 10*i + 36 = 0. Calculate the remainder when 71 is divided by i.
17
Let f(l) be the second derivative of l**4/4 + 2*l**3/3 + l**2 + l. Calculate the remainder when f(-3) is divided by (-2)/(7/9 - 1).
8
Let t(r) be the first derivative of -1/3*r**3 + 4 - 1/2*r**2 - r**4 + 2*r. Calculate the remainder when t(-2) is divided by 17.
15
Suppose 3*t - 51 = 2*t. Suppose 3*f - 4*a = t, 2*f = -2*f + 3*a + 61. What is the remainder when 23 is divided by f?
10
Let a(t) = t**2 - 13*t - 17. What is the remainder when a(16) is divided by 18?
13
What is the remainder when (-20 + 0)*(-141)/12 is divided by 17?
14
Let r(x) = 7*x - 2. Let t be r(5). Suppose 0 = -5*p + 2*p - 5*d + t, -3*d + 55 = 4*p. What is the remainder when 31 is divided by p?
15
Let z = -8 + 0. What is the remainder when 93 is divided by (4 - 3)*z*-3?
21
Let w(v) = 15*v**2 + v**3 + 4*v - 4*v**2 + 5*v - 1 - 2. Let m = -11 - -23. Calculate the remainder when m is divided by w(-10).
5
Let o = 176 + -137. What is the remainder when o is divided by 81/4 - 1/4?
19
Let z(a) = -a**3 + a + 3. Let t be z(0). Let d = 3 + t. What is the remainder when 21 is divided by d?
3
Let x(s) = s**2 - 7*s + 6. Let y be x(6). Suppose y = 2*t - 7*t + 5. Calculate the remainder when 20 is divided by (-1)/1 - (-9 + t).
6
Let k be 12/(-18)*(-6)/4. Let l = 0 - k. Calculate the remainder when 41 is divided by (-2 + 3)/l*-14.
13
Let a(z) = z**3 - 5*z**2 + 3. Let w be (2 - (-3)/(-6))*22. Suppose -8 = 5*c - w. Calculate the remainder when 7 is divided by a(c).
1
Suppose 0 = -4*v + 7 + 13. Suppose v*w - 52 = -7. Calculate the remainder when 10 is divided by ((-18)/4)/(w/(-12)).
4
Let k(s) = -s**2 + s - 6. Let h(r) = -2*r**2 + 2*r - 13. Let z(l) = 2*h(l) - 5*k(l). Calculate the remainder when z(-3) is divided by 6*(-2)/(-8)*6.
7
Calculate the remainder when 43 is divided by (3 + (-39)/5)/((-3)/10).
11
Suppose g = 6*g. Suppose g*p + 5*p = 65. What is the remainder when 23 is divided by p?
10
Suppose -2*n + 14 - 4 = 0. Suppose -5*b - 5*i - 1 = -81, 0 = -n*i + 20. What is the remainder when 22 is divided by b?
10
What is the remainder when -9 + 32 + 3/1 is divided by 7?
5
Suppose 0 = -54*b + 51*b + 12. What is the remainder when 13 is divided by b?
1
Let l = -201 + 285. Let d(n) = n**3 + 13*n**2 - n + 16. What is the remainder when l is divided by d(-13)?
26
Suppose -4*c + 2 = -34. Suppose -3*f = -1 - 5. Calculate the remainder when f is divided by (-3)/(c/(-6)) - 1.
0
Suppose -o = -5*o + 20. Suppose -4*y + 2*n + 143 = n, -n - 178 = -o*y. Calculate the remainder when y is divided by 12.
11
Suppose 3*g = 2*v - 132, -3*v - 17 = -g - 201. Calculate the remainder when 118 is divided by v.
58
Suppose 3*b - 60 = -b. Let n be 1/(-4) + (-99)/(-12). Let p(v) = -v**3 + 8*v**2 + 6*v - 5. Calculate the remainder when p(n) is divided by b.
13
Let p(i) = -2*i + 9. Let l be p(6). Let y = l + 0. What is the remainder when y - -3 - 29/(-1) is divided by 10?
9
Let n(b) = -5*b - 7. Calculate the remainder when n(-7) is divided by 16.
12
Suppose -u + 16 = 3*n - 4*n, 0 = -5*n + 3*u - 70. Let g = n + -2. Let q = -4 - g. Calculate the remainder when 16 is divided by q.
7
Let q(f) = 4*f**2 + f - 1. Let l be q(1). Suppose 9 = l*y - 11. Suppose -5*d - 2 = -z + 23, y*z - d = 53. What is the remainder when 29 is divided by z?
9
Let g = 2 + 0. Let f(v) = -v**3 + 7*v**2 - 5*v - 3. Let t be f(6). Suppose -g = t*y - 32. What is the remainder when y is divided by 4?
2
Suppose 0*x = 4*x - 28. Suppose 17 - 147 = -5*y. Calculate the remainder when y is divided by x.
5
Let x = -3 - -5. Suppose -x*z + 24 = -46. Calculate the remainder when z is divided by 8*((-3)/(-2) + 0).
11
Suppose 4*r = -4*x + 8, 0 = -r + 3*r + 5*x - 13. What is the remainder when 29 is divided by 8/r*5/(-4)?
9
Let g(n) = -2*n**3 - 2*n**2 + 3*n + 5. What is the remainder when g(-2) is divided by 6?
1
Let s(f) be the first derivative of 3*f**2/2 + 2. Let m be s(-1). What is the remainder when (-1)/m + 226/6 is divided by 13?
12
Let v = 15 + -10. Let u = 8 + -5. Suppose -4 = -u*b - 4*l + 5, 15 = 5*b - l. What is the remainder when v is divided by b?
2
Let x = 172 - 102. Suppose 0 = -5*b + 5, 3*t - 2*b = b + 9. Suppose -t*u = 18 - x. Calculate the remainder when 24 is divided by u.
11
What is the remainder when ((-4)/6)/((-346)/114 - -3) is divided by 10?
9
Let m = 99 - 89. Calculate the remainder when 69 is divided by m.
9
Suppose 2*n = -n + 21. Let w = 62 + -1. Suppose j - 2*z - 13 = -3*z, -z + w = 5*j. What is the remainder when j is divided by n?
5
Let c = 14 - -2. Calculate the remainder when c is divided by 5.
1
Let u = 168 - 151. Calculate the remainder when u is divided by 6.
5
Let m = -24 + 27. Suppose -m = t - 7. What is the remainder when 4 is divided by t?
0
Let l(d) = 7*d + 6. Suppose -3*x + 18 = -0*x. Let t be l(x). What is the remainder when 9 is divided by (-5)/(-25) - t/(-10)?
4
Let z = 9 - 14. Let w = 23 - 8. What is the remainder when w is divided by 20*z/((-100)/8)?
7
Let u be -10*(-1 - (-3)/5). Suppose c + 34 = 2*q, 0*q - q + 14 = c. Suppose u*z - 72 = q. What is the remainder when z is divided by 12?
10
Suppose -2*b - 32 = -5*j, 3*j - 4*j = 2*b - 16. Let q = -4 - -24. Calculate the remainder when q is divided by j.
4
Suppose -4 = 3*k - k. What is the remainder when 13 is divided by ((-2 + 34)/k)/(-2)?
5
Suppose 2 - 8 = 3*m. Let h be -1 - 1*(1 + m). Let y = 2 - h. Calculate the remainder when y is divided by 2.
0
Suppose -d + 4*d = 123. Let g(p) = -6*p + 2. Let x be 4/6*(-3 - 0). What is the remainder when d is divided by g(x)?
13
Suppose -2*h - 2*h = t - 100, 75 = 3*h - 2*t. Let n = 22 - 8. Calculate the remainder when h is divided by n.
11
Let u = 6 - 2. Suppose 3*b + 21 - 56 = 4*s, 4*b - 40 = u*s. Suppose -b*n = -n - 176. Calculate the remainder when n is divided by 15.
14
Let v = -22 - -42. Calculate the remainder when 39 is divided by v.
19
Suppose 5*n = 396 + 89. What is the remainder when n is divided by 10?
7
Suppose 2*t - 4*u + 4 = 0, -3*t + 8 = -t + 2*u. What is the remainder when 9 is divided by t?
1
Suppose 0 = 2*l - 5*d - 64, 4*d - 5*d - 4 = 0. Calculate the remainder when l is divided by 12.
10
Let a be -1 + 43 + (-7)/(-7). Let z = a + -6. What is the remainder when z is divided by 13?
11
Suppose 58 = 2*f + 4*q, 3*f - q - 71 + 5 = 0. What is the remainder when 2 - ((3 - 90) + -1) is divided by f?
2